t of (-1 - p)/(4/(1120/15))?
5
What is the units digit of 2225/(-2)*(-9)/(-15)*(-28)/21?
0
Let a be 212/7 - 2 - 20/70. Let x = a - 22. What is the units digit of x/(-8) + 1 + 167/4?
2
Let s(f) = -f**2 - 11*f + 4. Let m be s(-8). What is the units digit of ((-2)/4)/(m/(-21896))?
1
Let m be (-74)/26 - 4/26. Let g = -7 - m. What is the units digit of (3 - g) + -4 + 60?
3
Let n = -29742 - -31547. What is the hundreds digit of n?
8
Let l be (-6)/(-3) + (-86)/(-2). Let g be -27*(-1)/(21/28). Let t = l - g. What is the units digit of t?
9
Let k(i) = -91*i - 1577. What is the tens digit of k(-59)?
9
Let r(b) = -b**3 + 31*b**2 + 33*b - 22. Let n be r(32). What is the tens digit of 754 - -1 - (-6 - (n - 13))?
5
Let m(k) = 39*k + 5. Let d be m(-5). Let z = 503 + d. What is the units digit of z?
3
Suppose 5*o - 23919 = 5*f + 11396, -3*f - 7059 = -o. What is the units digit of o?
5
Let o(z) = -29*z**3 + z**2 + 7*z - 5. Let y be o(-3). Let j = 1088 - y. What is the hundreds digit of j?
3
Suppose 0 = 10*n - 18*n - 17*n + 1493150. What is the thousands digit of n?
9
Suppose -6 = -2*l, 0*a + 5*a = 3*l + 11. Suppose 3*n = -3*c + 8*c - 1912, a*c - 1500 = -5*n. What is the units digit of c?
0
Let z(g) = -817*g + 5096. What is the tens digit of z(-50)?
4
Let c = 21 - 36. Let k(t) = t**3 - 2711 + 18*t + 2733 + 3*t + 17*t**2. What is the units digit of k(c)?
7
Suppose 2*p + c - 3*c - 186 = 0, -2*p - 4*c + 210 = 0. Let j = 678 - p. What is the units digit of j?
1
Suppose -2*v + 7*v = 10. Suppose 0 = -u - 5*r + 146, 4*u = 6*r - v*r + 584. Let p = u + -73. What is the tens digit of p?
7
Suppose -5*k - 5*a = 166735, 2*k + 66693 = 5*a - 8*a. What is the tens digit of (5 - 1)*k/(-112)?
9
Suppose -o + 10*z + 886 = 8*z, -z - 888 = -o. Suppose l - o = 3*n, -4*l - 4*n + 946 = -2630. What is the units digit of l?
3
Suppose -10*h + 5*q = -15*h + 12625, 0 = 5*h + 4*q - 12622. What is the hundreds digit of h?
5
Suppose -26*s + 1773860 = 5*s + 13*s. What is the hundreds digit of s?
3
Suppose 0 = -m - 5*d + 304, 5*m - 1428 = d - 3*d. Suppose 0 = -o - a + m, 0 = -o + 2*o - a - 290. What is the hundreds digit of o?
2
Let b = 5707 + 14116. What is the tens digit of b?
2
Suppose -4 = 2*p, -5*f - p - 4*p = -4925. Suppose 4*l = x + 4446, l - 2*x - f = 121. What is the thousands digit of l?
1
Let v(r) = 2*r**2 + 2*r - 2. Suppose -15*c + 12 = -13*c. Let l(z) = -z**2 - 3*z + 1. Let h(q) = c*v(q) + 5*l(q). What is the units digit of h(4)?
3
Let s = 17089 - 9146. What is the units digit of s?
3
Let k(v) = v**2 - 17. Let j be k(-4). Let u be (j + (-2 - -1))*(10 + -12). Suppose u*q - 914 = -10. What is the tens digit of q?
2
Suppose 114 = 8*w - 6*w. Let t = 63 - w. Let d(l) = -l**2 + 8*l - 2. What is the units digit of d(t)?
0
Suppose -16*s = 13*s - 36279. Let b = s + -748. What is the tens digit of b?
0
Let c = 1019 + -722. Let o = c - 164. What is the tens digit of o?
3
Suppose 18*f + 4*f = 63976. What is the units digit of 70/(-385) + f/22?
2
Let z(g) be the first derivative of -g**3/3 + 19*g**2 + 78*g - 22. What is the tens digit of z(24)?
1
Suppose 0 = 5*l - 3*w + 3347, 3*l = -4*w + 119 - 2133. Let v = l - -1152. What is the tens digit of v?
8
Let z = -15012 - -23016. What is the tens digit of z?
0
Suppose 2*d + d - 25 = c, -4 = c. Suppose 2*w = -m + d, -m = w - 5*w + 5. Suppose -2*n + z = 6*z - 189, m*n - 311 = -2*z. What is the hundreds digit of n?
1
Let j(q) = 20*q**2 + 72*q - 150. Let k be j(2). Let w = -38 + 99. Let z = w + k. What is the hundreds digit of z?
1
Let r be (-34 - -30) + (2/2 - -6). Let i be (3*36/r)/(4/42). Suppose -9*p = -6*p - i. What is the units digit of p?
6
Let t = 3 + -515. What is the hundreds digit of (4 + 3)*1 - t?
5
Let w(u) = u - 18. Let x be w(14). What is the hundreds digit of (-501 + x)*-2 + -5?
0
Let l(o) = -3*o**2 + 31*o - 11. Let s be l(10). What is the tens digit of (-12)/(-4)*1*s - -563?
6
Let q be 2 + (32/14 - (-2)/(-7)). Suppose -q*h + 3*z + 179 = 0, -3*h - 46 = -4*h + 2*z. What is the units digit of h/99*(-9)/(-2)?
2
Let f(v) be the second derivative of -v**3/6 + 13*v**2/2 + 19*v. Let j be f(11). Suppose j = 7*h - 292. What is the units digit of h?
2
Suppose 2*m = 12 - 6. Suppose m*o = -2*z + 75 + 250, -4*z + 617 = -5*o. Suppose -4*c + l + z = 0, 0 = 5*c + 5*l - 172 - 13. What is the tens digit of c?
3
Let x(j) = -6*j**2 + 9*j + 23. Let b(v) = 3*v**2 - 4*v - 11. Let k(r) = 9*b(r) + 4*x(r). Let c = -12 - -7. What is the units digit of k(c)?
8
Suppose -q - 4 = -4*i - 133, -164 = 5*i - 4*q. What is the hundreds digit of (244/2)/(3 + i/12)?
3
Suppose -5*v = -5*i - 5, -5*v - i - 2*i = -29. Suppose -4*u = v*z, z + 4 = -5*u - 2*z. What is the units digit of ((-6)/u + -4)*(-30)/3?
0
Let s be -9 + -8 + 2/(-2). What is the tens digit of (4 - 10/4)/(s/(-1128))?
9
Suppose -2*q = -5*r - 17, 4*q = -4*r + 92 - 16. Suppose 13*f = q*f - 969. What is the hundreds digit of f?
3
Let c be (-2)/4 + ((-100)/(-8))/5. Suppose 5 = -c*n + 599. Suppose -4*l + 372 = -w, -3*l + 3*w = -n + 18. What is the tens digit of l?
9
Let w(k) = -k**3 + 61*k**2 + 71*k - 178. What is the tens digit of w(32)?
9
Let i = -35132 - -49473. What is the thousands digit of i?
4
Suppose -22*c + 101826 = -530674. What is the ten thousands digit of c?
2
Let s(d) be the second derivative of -6*d**2 + 12*d - 1/20*d**5 + 3/4*d**4 + 0 + 2*d**3. What is the units digit of s(8)?
8
Let b = -93329 + 142003. What is the thousands digit of b?
8
Let y(g) = 2*g**2 - 40*g - 56. Suppose 4*k - 2 = 10. Let c(q) = -q**2 + 20*q + 28. Let n(l) = k*y(l) + 7*c(l). What is the units digit of n(16)?
2
Let c(d) = 2014*d**2 - 11*d. Let r be c(-1). Suppose -9*s - r = -5*h - 4*s, -2*h - s = -816. What is the units digit of h?
7
Suppose -5*h + 1929 = 3*r, -h + 3*h = 2*r + 778. Let f = -621 - -406. Let g = h + f. What is the hundreds digit of g?
1
Suppose 32*w - 12465 = 33*w - 35682. What is the ten thousands digit of w?
2
Let i = 5446 - -2354. What is the thousands digit of i?
7
Let q be (-41)/(-2)*(-12 - 6). Let f be 3 - (-93)/(-33) - (-25452)/(-231). Let h = f - q. What is the units digit of h?
9
Let g = -11042 + 17112. What is the units digit of g?
0
Let r = -12646 - -22935. What is the ten thousands digit of r?
1
Let r(k) = -22*k + 1. Let s be r(-10). Let u = -53 + s. What is the tens digit of u?
6
What is the tens digit of (-13)/(143/(-172040)) + 10?
5
Let f be (-12 + 9)/(6/(-34)). Suppose 3*g = 4*k - f - 20, -2*k + 3*g + 23 = 0. Suppose -8 = 2*h, 172 = 3*j + 3*h - k*h. What is the units digit of j?
2
Suppose -12*a + 8*a - 20 = -3*u, -u = -a - 5. Let x be (-40)/(-100)*(1535/2 + u). Let y = -160 + x. What is the hundreds digit of y?
1
Let d(p) = -p**3 + 27*p**2 - 8*p - 50. Let x be d(22). Suppose 13*g = -x + 10774. What is the units digit of g?
0
Suppose -4*b = -3*c - 4520, 4*c - 2059 = -3*b + 1331. Suppose -n + u - 6*u + 1126 = 0, n - b = -u. What is the hundreds digit of n?
1
Let w(x) = -267*x**3 - 9*x**2 - 6*x + 4. Let i be w(-3). Suppose 178*d = 165*d + i. What is the units digit of d?
0
Let f = -397 - 140. What is the hundreds digit of (-3 - 2)/5*f?
5
Suppose 4*c + 22 = v, -5*v - 15 = 3*c + 2*c. Suppose -l - 3 = -x + l, -3*x = -v*l - 5. Let m(k) = 168*k**2 + k - 1. What is the tens digit of m(x)?
6
Suppose 0 = u + 4*n - 16088, -39566 = 5*u - n - 119964. What is the units digit of u?
0
Suppose 0*y = 3*y - 753. Let z = -264 + 280. Let w = y - z. What is the units digit of w?
5
Let g = -244 + -544. What is the tens digit of (5 - g/2)*2/2?
9
Let h(w) = 2*w**3 - 21*w**2 - 25*w - 12. Let y be h(12). Suppose -3*u = -7*j + 2*j - 91, 5*u = 2*j + y. What is the units digit of u?
2
What is the units digit of (9 - (10 - 6))*98830/25?
6
Let n(m) = 2*m**2 - 6*m + 6. Let i be n(2). Suppose -4*f - 2143 = -5*a, a + f = i*a - 429. What is the units digit of a?
7
Suppose 4*f = -3*m + 722, -3*f = 2*f - 5*m - 885. Let r = f - 125. What is the tens digit of (14/7)/(3/r)?
3
Let q = 22531 - -8037. What is the thousands digit of q?
0
Suppose -4*s = -28, 2*r = 24*s - 28*s + 43774. What is the units digit of r?
3
Suppose -3*p + 19 = 2*p - 2*t, 2*p = -5*t + 25. Suppose 4*j + 2*s = 1116, p*s - 6 - 4 = 0. What is the hundreds digit of j?
2
Suppose -2*z = -0*z - 112. Suppose 2*d - 29 - 433 = 0. Suppose z*m = 59*m - d. What is the tens digit of m